x(j).
0
Suppose -2*u = 2*m + u - 7, -3*m = -u - 5. Let p(i) be the first derivative of i**3 - 3*i**2/2 + 3*i + 9. Give p(m).
9
Let n(v) = 5 - 2*v - 4 - 13*v**3 + 2*v**2 - v**2. What is n(1)?
-13
Let q(g) be the third derivative of -4*g**2 + 0*g + 1/10*g**5 + 0 + 2/3*g**3 - 1/120*g**6 - 7/24*g**4. What is q(4)?
8
Let y(v) = -v**3 - v - 2. Let s(m) = m**2. Let c be s(0). What is y(c)?
-2
Let x(u) be the second derivative of -u**3/6 - u**2 - 3*u. Let l be x(0). Let b(g) = 2*g + 2. Give b(l).
-2
Let h(z) = 5 - 1 + z - 1. Give h(-6).
-3
Let y(d) be the third derivative of d**4/3 - d**3/3 + 31*d**2. Calculate y(2).
14
Let b(s) = 5*s**3 - s - 1. Suppose 4*i - 28 = -96. Let h = i + 16. Determine b(h).
-5
Let x be (-3)/9 - 32/(-6). Let h = 1 + x. Let s(r) = -h*r + 2*r + 3 - r. Determine s(2).
-7
Let l(h) be the first derivative of -3*h**4/4 + h**2/2 - h + 1. Suppose 5*a - 6 = 4*w, -5*w + 3*a - 1 = -0*a. What is l(w)?
-3
Let y = 6 + -4. Let o(w) = w + 2*w**y - w**2 + 1 + 1. Calculate o(2).
8
Let y(u) = -u**3 - 9*u**2 - 9*u - 8. Let s(w) = -2*w + 20. Let q be s(14). Give y(q).
0
Let t be 1/(-1 - (-4)/5). Let y(i) be the second derivative of 5/2*i**2 + 0 + 5/12*i**4 - 4*i + 0*i**3 + 1/20*i**5. What is y(t)?
5
Let u(d) = d**2 - d + 5. Let m be u(0). Let k(n) = 6*n**2 + 7*n - 8*n + 8*n + n**3 + m. Let s(v) = v**3 + 14*v**2 + 2*v + 23. Let y be s(-14). Calculate k(y).
-5
Let s = -45 - -51. Let u(r) = -r**2 + 5*r + 2. Give u(s).
-4
Let m(v) = v**2 + 5*v - 6. Let w(g) = -g**2 + g - 1. Let f(u) = -m(u) + 5*w(u). Suppose 16*j - 8 = 8. Determine f(j).
-5
Suppose 3*v + 5*t - 1 - 1 = 0, 5*t - 26 = v. Let i(o) = -o - 14. What is i(v)?
-8
Let f(u) = u**3 - 5*u**2 + 4*u + 1. Let w(s) = -s**2 + 4*s + 3. Let z be w(4). Calculate f(z).
-5
Let y(k) be the first derivative of k**3/3 + 5*k**2/2 - 24. Give y(-5).
0
Let x be 80/24*9/5. Suppose -x = -l - l. Let i(o) = o**3 - 3*o**2 + o - 2. Calculate i(l).
1
Let c(u) = -u**3 + 6*u**2 - 5*u + 5. Let t(r) = -3*r**2 - 14*r - 9. Let p be t(-6). Let v be p/(-7) - (-12)/42. What is c(v)?
5
Suppose -2*h + 4*w + 26 = 0, h + 7 = -4*w + 2. Let y(o) = h*o - 2*o - o + o. What is y(-1)?
-5
Let f(y) = -y. Let j(r) = r - 1. Let q(i) = -2*f(i) - j(i). Calculate q(2).
3
Let b be ((-45)/(-6))/5 + (-12)/8. Let z(n) = n**2 + n + 2. Determine z(b).
2
Let n(z) = -z**2 - 6*z - 1. Suppose 5*r - 2*x = x - 27, -3*x + 3 = -r. Let h be n(r). Let f(y) = 2*y + 1. Calculate f(h).
-1
Let u(l) = -l**3 + 5*l**2 - 3*l. Let t be u(4). Suppose 0 = t*m - 8 - 4. Let s(r) = r - 6. Give s(m).
-3
Suppose -k - 4 = -2*k. Let w be (4/(-2))/(-1 + -1). Let l(g) = 3*g - w - g - g. Determine l(k).
3
Let z(o) = -2*o - 2. Let u(a) = -2*a + 26. Let y be u(15). Give z(y).
6
Let b(i) be the second derivative of -i**6/360 + i**5/20 + i**4/3 - 6*i. Let u(y) be the third derivative of b(y). What is u(5)?
-4
Let n(g) be the third derivative of 0*g + 2/3*g**3 + 1/12*g**4 - 1/60*g**5 + g**2 + 0. What is n(4)?
-4
Let v(m) = m**2 - 6*m + 2. Suppose 5*i = -4*j + 16, -3*i - 1 = -2*i + 5*j. What is v(i)?
-6
Let q(a) = -a**2 - 5*a + 9. Let o(r) = -1. Let v(k) = -6*o(k) - q(k). Give v(-6).
3
Let j(h) = h**2 + 2. Suppose 18*o = 14*o - 8. Calculate j(o).
6
Let t(v) = 3*v - 1. Suppose -3*s = 4*s - 7. Give t(s).
2
Let t(v) = -8 + 10 + 2 + 3*v - 1. Calculate t(-3).
-6
Let b(u) = -4*u. Let v(k) = 4*k. Let p(d) = 5*b(d) + 6*v(d). Determine p(1).
4
Let k(u) = 4*u**3 + 5*u**2 + 6*u + 5. Let v(i) = -i**3 - i - 1. Let g(j) = -k(j) - 5*v(j). Determine g(5).
-5
Suppose a - 3 = 3*x, -a - x + 10 = 3*x. Let g(h) = -a - 1 + 0 + 5*h + 5*h**2 - 6*h**2. Determine g(5).
-7
Let l(a) = -4*a - 3. Let b = -13 + 15. Suppose b*x + 2 = x. What is l(x)?
5
Suppose 1 = -g - v, 7*g + 5*v + 4 = 3*g. Let j(y) = y - 1. Let q(c) = -7*c**3 + c**2 + 7*c - 6. Let k(t) = 6*j(t) - q(t). Give k(g).
-7
Suppose -19 + 3 = 4*u. Let t(s) = -1. Let x(n) = n - 2. Let z(a) = -2*t(a) + x(a). Determine z(u).
-4
Let n(l) = -l + 6. Suppose -p = 13 + 1. Let z = -10 - p. Calculate n(z).
2
Let x be 6/8*4 - 1. Let y(z) = 5*z + 2*z**3 - x*z**3 - 3*z**3 + 2*z**3 - 4*z**2. What is y(-5)?
0
Let r(m) = 2*m + 1. Let y be -10*(1 - (-4)/(-2)). Suppose -3*k - 2*k - y = 0. Calculate r(k).
-3
Let m(n) = 2*n + 1 - 7*n + 4*n. Determine m(-6).
7
Let l be (-13)/(-6) - (-4)/(-24). Let q(z) = -2*z**3 + 4*z**2 - 3*z. Give q(l).
-6
Let u(v) be the second derivative of -v**4/12 + v**3 - 2*v**2 - 4*v. Give u(6).
-4
Suppose -j + 10 = 7. Let i(a) be the second derivative of -a**3/6 + a. Calculate i(j).
-3
Let i(p) = -p**3 + 2*p**2 + 11*p - 6. Let o be i(4). Let m(c) = -2*c + 6. What is m(o)?
-6
Let x(u) = -u**3 + u**2 + u - 8. Let y = 19 - 12. Let a = y + -12. Let t = a + 5. Determine x(t).
-8
Suppose -2 = -t - 1, 4*b = -3*t + 3. Let o(x) be the third derivative of -x**6/120 + x**5/60 + 7*x**3/6 + 4*x**2 - 3*x. Calculate o(b).
7
Let i(r) = 3*r**2 + r + 11. Let l(d) = 4*d**2 + 2*d + 12. Let v(a) = -5*i(a) + 4*l(a). Give v(-5).
3
Let f(b) = -3*b**2 + 4*b + 2*b**2 + 299 + 3*b - 294. Determine f(8).
-3
Suppose -f + 6 = 2. Let k(d) = d - 1. Determine k(f).
3
Suppose n + 61 = 3*h - n, 4*n = h - 27. Suppose -36 = -4*b + 2*q, -b + 2*q + h = -q. Let x(z) = -7 + b - z. Calculate x(-5).
5
Let y(j) = j**3 + 2. Let c(o) be the third derivative of o**5/60 + o**4/6 + 2*o**2. Let v be c(-4). Give y(v).
2
Let i(u) = u**2 + u. Let z(v) = 2*v + 6. Let g be z(-7). Let f be (-2)/g + (-77)/(-28). Determine i(f).
12
Let c(g) = 7*g + 4. Let x(z) = -1. Let q(a) = c(a) + 5*x(a). Determine q(1).
6
Suppose -12*w + 97 = 13. Let s(b) = -2*b + 5. Give s(w).
-9
Let z(j) = j + 11. Let k(o) = -o - 11. Let x(l) = 6*k(l) + 7*z(l). Give x(-5).
6
Suppose g - 3*g = -4. Let l(c) = 0*c - c**2 + 4*c + g*c**2 - c + 3. Give l(-4).
7
Let b(p) = p**3 + 3*p**2 - 2*p - 1. Let f = 9 - 12. Calculate b(f).
5
Let k(m) be the first derivative of -m**4/4 + 5*m**3/3 - m**2 + 2*m + 1. Let r = 263 + -259. Determine k(r).
10
Let b(r) = -4*r - 15. Let s(g) = -2*g - 8. Let f(p) = -3*b(p) + 5*s(p). Give f(-4).
-3
Let r(h) = -2*h**2 + h. Let s = 9 - 7. Let a = s - 4. Let f = 3 + a. Give r(f).
-1
Suppose 4*r = r + 9. Let a(j) = 2*j - r*j - 4*j. What is a(-1)?
5
Let s(d) = -2 + 4 + d**2 - 6. Suppose -2*g = 10, 29 + 3 = r - 4*g. Suppose -3*t - 3*h - 8 = -5*h, 5*t = 3*h - r. Give s(t).
-4
Let d(f) = -7*f - 2. Suppose 3*y + 27 = 15. Give d(y).
26
Let v be (-5 - -9) + (-3 - -2). Let r(u) = 0 - 2*u**2 + u**3 + 2*u - u + 2. What is r(v)?
14
Let l(z) be the third derivative of -z**6/120 - z**5/60 - 5*z**3/6 - 13*z**2. Suppose i - 3 = 3*t, -2*i + 9 = 2*t + i. Give l(t).
-5
Suppose -5*d = -y - 20, d + y = -0*d - 2. Let o(k) be the first derivative of -k**2 + 4*k - 1. Give o(d).
-2
Let v = -3 + 7. Suppose 0 = 2*g + 2*x - 12, 0 = -4*g - 0*g + 4*x + 16. Let q(y) = -3 - y**2 + 3*y + g + y. What is q(v)?
2
Let n(i) = -i. Let k(u) = u**2 - 4*u - 1. Suppose 4*z = 5*r + 3*z - 33, -18 = -r + 4*z. Let g(j) = r*n(j) - k(j). Give g(-2).
1
Let t(v) = -v**2 + 6*v. Let k be (3 - (-3 - -3))*1. Let l(u) = -u**2 + 5*u - 1. Let c be l(k). Give t(c).
5
Let r(c) = 4*c**2 - 6 + 4 + 3 - 2*c. Determine r(2).
13
Suppose -2*p = -0*p - 4. Let r be -1*1/(-2)*p. Let q(v) = 5*v**2 + 6*v - 7. Let l(u) = -6*u**2 - 7*u + 8. Let h(n) = 6*l(n) + 7*q(n). Give h(r).
-2
Let k(z) = z - 1. Let q(p) = p. Let w(h) = -2*k(h) + q(h). Give w(7).
-5
Suppose 3*f = -2*q + 7*q - 40, 3*q - 40 = 5*f. Let a(l) be the first derivative of -1/3*l**3 + 2*l**2 + 6*l - 1. Calculate a(q).
1
Let n be 93/15 + (-1)/5. Suppose -10*w + n*w - 8 = 0. Let g(u) = u**3 + 3*u**2 + 3*u + 3. Calculate g(w).
1
Let h(j) = 2*j**2 - 3*j + 8. Let k(v) = 3*v**2 - 7*v + 15. Let c(w) = -5*h(w) + 3*k(w). Determine c(-7).
-2
Let h(z) = 4*z + 2. Suppose 0 = -2*a + 39 + 15. Suppose -4*d = a + 1. Let f(j) = j**3 + 7*j**2 - j - 9. Let i be f(d). Calculate h(i).
-6
Let p(i) = -i**2 - 2*i + 1. Let n(f) = 1 - 3*f + 5*f - 3*f - 2*f**2. Let k(b) = 2*n(b) - 3*p(b). Suppose 5*m - 2*d - 20 = -9, 5*m + 4*d - 23 = 0. What is k(m)?
2
Suppose 0 = 6*i - i - 5. Let v(d) = d. Let y be v(i). Let l(r) = 3*r + 1. Determine l(y).
4
Let b(y) = -y**2 - 6*y + 9. Let s be b(-7). Let k(r) = -6*r - 1 + r**2 + 6*r + 0*r**2. What is k(s)?
3
Let j = 0 - 0. Suppose j = 3*m + 4*b + 29, 2*b = 5*m - 1 + 6. Let w(q) = q**2 + 4*q. Let g(c) = -c**2 - 4*c + 